f).
-4
Let g(y) = -19 + 8 + 5 - y + 7. Determine g(6).
-5
Let m(v) = -53*v + 109*v - 2 - 57*v. Suppose 5*z + 2 = p, 0 = -5*z + 2*p - 2 - 2. Give m(z).
-2
Suppose -6*x + 11*x - 211 = -3*r, -2*r = -3*x + 119. Suppose -3*k + x = -h, k + 4*h = 6*k - 66. Let a(y) = -y + 9. What is a(k)?
-5
Let b = -37 + 34. Let p(j) = -j**2 - 6*j - 6. Let o be p(b). Let i(h) be the third derivative of -h**4/8 + h**3/3 - 4*h**2. Give i(o).
-7
Let p(y) = -21*y + 315. Let g be p(15). Let z(s) = -s**2 - s - 13. Give z(g).
-13
Let u(b) = -b**2 - 4*b + 1. Let c be 1*(-12)/4 - (10 + -6). Calculate u(c).
-20
Let m(b) = -b**3 - 6*b**2 + 7*b + 6. Let q be m(-7). Let a(g) = q*g - 1 + 1 - 7*g. Let v = -37 - -33. Calculate a(v).
4
Let j(s) = -s - 1. Let k(i) = i**2 - i + 3. Let p(g) = -j(g) + k(g). Let b = -11 - -18. Let l(h) = 2*h**2 + h + 8. Let w(n) = b*p(n) - 4*l(n). Calculate w(-3).
-1
Let q be ((-1)/3)/(((-2)/(-27))/(-2)). Let b(x) = x**3 - 8*x**2 - 10*x + 4. Determine b(q).
-5
Let l(g) = -2*g**2 - 2. Let s(n) = -2*n - 3. Let z(i) = i + 1. Let f(a) = -4*s(a) - 9*z(a). Let m be f(-1). Let q = m - 2. Give l(q).
-10
Let h(l) = -2*l - 5. Let u = -142 - -247. Suppose -4*p = 3*t - 64, 11*t - u = 6*t - 5*p. Let r be (-8)/(-12) + t/(-3). What is h(r)?
7
Let k = 0 - 2. Let c(w) = 6*w**2 - 3. Let f(x) = x**2 + x. Let n(h) = 3*h - 37. Let z be n(11). Let m(d) = z*f(d) + c(d). Determine m(k).
13
Let t(f) = -f**2 + 5*f + 4. Let a = 42 - 39. Let c be ((-45)/18)/(a/(-6)). Determine t(c).
4
Suppose -3 = b - 5*i - 1, 2*b - 4*i = 2. Let m be 4/(-6)*27/(-6). Let x(a) = -3 - a**3 + 2 + 1 + 2*a + m*a**2. What is x(b)?
6
Let c(a) be the third derivative of 0 + 1/15*a**5 + 2*a**2 + 1/120*a**6 + 0*a - 1/12*a**4 - 1/2*a**3. Let o be (-104)/65*(-10)/(-4). What is c(o)?
5
Let h(g) = 39*g + 3. Let c(z) = -28*z - 2. Let i(n) = 7*c(n) + 5*h(n). Let j(w) = -w**3 - 4*w**2 - 2*w + 2. Let l be j(-3). Give i(l).
2
Let h(z) = z**2 + 3*z - 5. Let p(s) = -2*s**2 - 7*s + 9. Let a(o) = 5*h(o) + 3*p(o). Let j = 14 - -16. Suppose j = d - 6*d. What is a(d)?
2
Suppose 55 = 3*q + 5*i, -4*q + 2*q + 35 = 5*i. Suppose -6*j + 2*j - q = 0. Let x(w) = w**2 + 4*w - 1. Give x(j).
4
Let m(s) = -s**2 - 10*s - 2. Let y(g) = -g**2 - 11*g - 1. Let x(n) = 6*m(n) - 5*y(n). Give x(-2).
-1
Let r(v) be the third derivative of -v**6/120 + v**5/20 - v**4/12 + v**3/6 + 120*v**2. Give r(4).
-23
Let g(o) = -o**2 + 2*o + 70. Let d be g(-7). Let y(c) = -c**3 + 8*c**2 - 7*c - 9. Give y(d).
-9
Let y(q) be the second derivative of -q**3/3 - 8*q**2 + 378*q. What is y(-8)?
0
Let w(d) be the first derivative of -1/3*d**3 + 5*d + 2*d**2 + 14. Calculate w(6).
-7
Suppose -z = 2*f + 1, -7*z + 16 = 3*f - 9*z. Let m(i) be the first derivative of -2*i + 1/2*i**f + 11. What is m(-2)?
-4
Let l(i) = -11*i**2 + 5*i - 46. Let n(z) = -5*z**2 + 3*z - 22. Let h(o) = -6*l(o) + 13*n(o). Give h(-9).
-10
Let h(y) = -3*y + 2. Let j(r) = 2*r**3 - 25*r**2 - 15*r + 31. Let n be j(13). What is h(n)?
-13
Let l(t) = 4*t**2 - 2*t. Let p be l(0). Let j(v) = -v + 1. Give j(p).
1
Suppose i - 3280 = -4*i. Let q(s) = 2*s**2 - 1 + 659*s**3 - i*s**3 + 0. Determine q(1).
4
Let a(h) be the first derivative of -4*h**2 - 3*h + 1. Let t be a(-1). Let r(o) = -74*o**3 - o + 4 - 5*o**2 + 75*o**3 + 0. Calculate r(t).
-1
Let d(c) = -5*c + 24. Let o be d(4). Suppose -2 = 4*w + 2*x, o*w - 5*x - 40 = -7. Let j(m) = 4*m. Calculate j(w).
8
Let v = 32 - 40. Let k = v + 7. Let n(f) = -8*f**2 + 1. Determine n(k).
-7
Let d = -270 + 811/3. Let l(z) be the first derivative of -6*z + 4 - 2*z**2 + d*z**3. Determine l(6).
6
Let a(u) = -4*u - 5*u**2 + 1 + 4*u**2 - u**2. Suppose -r - 3*z = 3, -4*r - z = -4 - 6. Let s(m) = 3*m**2 + 4*m - 2. Let w(c) = r*s(c) + 4*a(c). Calculate w(3).
-5
Let b(f) = 3*f**2 - 2*f - 1. Let j be b(-1). Let r(s) = -5*s - 2*s + j*s - 1 + s. Give r(-6).
11
Suppose 5*l - 17 - 8 = 0. Let x(p) = -7*p - 7. Let a(f) = 6*f + 7. Let b(k) = l*x(k) + 6*a(k). Calculate b(0).
7
Let c(r) = r + 8. Suppose -2 = 5*f - 2*f - 5*p, 26 = -4*f + 2*p. What is c(f)?
-1
Let q(c) = c**2 + 8*c - 8. Let o be q(-10). Suppose -6*g - o = -4*g. Let j(p) = -p**3 - 7*p**2 - 6*p + 5. Determine j(g).
5
Suppose 0 = 4*i - 20, 4*x - 5*i = -x - 325. Let j be (0 - 1)/(10/x). Let v(m) = m**2 - 7*m - 3. Determine v(j).
-9
Let z = 5 - 2. Let o(w) = -2 + 1 + 3 - z*w. Suppose -16*l - 39 = 25. Determine o(l).
14
Let b(v) = -v**2 - v - 8. Let z = 9 + -5. Let k be z/(24/9)*2. Let f be ((k + -3)/1)/3. Determine b(f).
-8
Let o(m) be the first derivative of 7*m**2 - 7*m + 435. Give o(4).
49
Let b(c) be the second derivative of c**5/20 + c**4/4 + c**3/3 - c**2 - 3*c - 44. Let l(q) = q**3 - 10*q**2 + 10*q - 11. Let f be l(9). Calculate b(f).
-2
Let k(w) be the third derivative of 5/24*w**4 - 16*w**2 - 1/60*w**5 - 5/6*w**3 + 0*w + 0. Give k(4).
-1
Let z(a) be the first derivative of -4*a**3 + a - 238. Give z(-1).
-11
Suppose 9 = j + 2*j. Let u(f) = 0*f - j - 2 - 4*f + 3. Give u(-2).
6
Let o(l) = -51 + 51 + l**2. Give o(0).
0
Suppose -3*a - 4*a = -29 - 13. Let c(o) be the second derivative of o**4/12 - 2*o**3/3 - 3*o**2/2 + 2*o. Determine c(a).
9
Let j(d) = -d**2 + 2*d + 1. Suppose 55*g - 12 = 98. Determine j(g).
1
Suppose -5*b + 4 = -6, 0 = -z - 4*b + 15. Let f(c) be the second derivative of 6*c + 0 - 1/20*c**5 + 7/6*c**3 - 1/2*c**2 + 1/2*c**4. Calculate f(z).
-1
Let p(h) be the third derivative of h**5/60 - 3*h**4/8 + h**3/2 - 57*h**2. Let s(u) = 6*u**3 - 3*u + 2. Let q be s(1). Calculate p(q).
-17
Let v(i) be the second derivative of -i**4/12 - i**3/3 + i**2/2 + 275*i. Calculate v(-5).
-14
Let s(a) = 31*a**2 + 7*a + 10. Let p(k) = 6*k**2 + k + 1. Let j(d) = -5*p(d) + s(d). Determine j(5).
40
Let j(p) = -p**2 - 4*p + 1. Let y be -1 + 14*4/8. Let l be ((-8)/y)/(12/108). Let z be l/(-8)*4/(-1). Give j(z).
-11
Let y(v) be the second derivative of -1/6*v**3 + 1/4*v**4 + 1/60*v**5 - 3*v + 0 - 3/2*v**2. Let u(x) be the first derivative of y(x). What is u(-5)?
-6
Let i(o) = -o**2 + 6*o - 1. Suppose -6*d - 196 + 244 = 0. Give i(d).
-17
Let q(u) = -4 + 7*u**2 + 3*u**2 - 10 - 11*u**2. Let n = 9 + -9. Suppose 0 = -n*k - 3*k. Determine q(k).
-14
Let i(t) be the first derivative of -4*t**2 - 4*t - 93. Determine i(-3).
20
Suppose 389 = 7*g - 206. Let y(q) = -86*q**2 + g*q**2 - 4 + 0*q - 4*q. Let m be ((-1)/(-2))/(3/(-24)). Determine y(m).
-4
Let g(u) = u**3 + 4*u**2 + 10*u - 4. Let r(l) = l**3 + 5*l**2 + 9*l - 3. Let v(j) = -3*g(j) + 4*r(j). Give v(-7).
7
Let l(a) be the second derivative of -a**4/12 + 3*a**3/2 - 7*a**2/2 + a - 53. Give l(7).
7
Let q(j) = 5*j**2. Let v(t) = -7*t**2 - t + 2. Let n(c) = 3*q(c) + 2*v(c). Determine n(4).
12
Let q(o) = -2*o + o**3 + 3*o - 5*o**2 + 5 + 0*o - 2. Let z be 527/155 + 4/(-10). Determine q(z).
-12
Let f(s) be the first derivative of 7*s**2/2 - 11*s - 191. What is f(5)?
24
Let b(m) be the first derivative of m**3/3 - 3*m**2/2 + 12*m + 256. What is b(3)?
12
Let z(i) be the second derivative of i**5/20 - i**4/2 - i**3/3 - 3*i**2/2 - 14*i. Suppose -5*c = a + 9, 3*c + 0*c + 21 = 2*a. Give z(a).
-15
Let v(f) be the first derivative of -2*f**3/3 + f**2 + 59. Give v(2).
-4
Let n = -34 - -41. Let k(h) = -h**3 + 7*h**2 + h - 10. Give k(n).
-3
Let d = 4 + -11. Let b = d + -2. Let i(f) = 13*f**3 + 11*f**2 + 4*f + 9. Let h(n) = -3*n**3 - 3*n**2 - n - 2. Let y(w) = b*h(w) - 2*i(w). What is y(-5)?
-5
Let h(w) = w - 1. Suppose 78*y - 82*y = -656. Let m = y + -158. Calculate h(m).
5
Let i be (2/(-10) - 3/60)*-4. Let x(m) = 6*m**3 - 2*m**2 - m + 2. Calculate x(i).
5
Let j(n) be the second derivative of n**4/12 + n**3/3 - 2*n**2 + 50*n - 1. Give j(-6).
20
Let v(i) = -i + 3. Let t(g) = -g**2 - 10*g - 12. Let j be t(-9). Let x be v(j). Let d be (x/4)/(1/2). Let c(p) = -3*p + 1. Give c(d).
-8
Let c = 68 + -66. Suppose 0*v - 2 = -v. Let m(x) = x**c - x + x + v*x. Give m(-3).
3
Let b(l) be the third derivative of l**5/60 - l**4/24 - 2*l**3/3 + 3*l**2. Suppose -44*c = -39*c - 20. Determine b(c).
8
Let a(n) = 5*n**2 - 10*n + 14. Let i(m) = 2*m**2 + m - 1. Let h(t) = a(t) - 2*i(t). Determine h(10).
-4
Let a(i) be the second derivative of -i**3/6 - 5*i**2/2 - 80*i. Calculate a(-9).
4
Let q(u) = -3*u**3 - 5*u**2 - 11*u + 14. Let a(s) = -s**3 + s**2 + 1. Let r(p) = -4*a(p) + q(p). Determine r(10).
0
Let i(q) be the third derivative